)/(c*1/s)?
13
Let v = 2939 + -2067. What are the prime factors of v?
2, 109
Let u = -55 + 61. Let h(k) = 2*k**2 - 12*k + 3. Let q be h(u). Suppose q*n = 2*n + 221. What are the prime factors of n?
13, 17
Let v(u) = 9*u**2 - 302*u - 31. What are the prime factors of v(35)?
2, 53
Let r be (-1697)/(-5) - (-4)/(-10). Let t(w) = 57*w + 285. Let d be t(-5). Suppose -6*m + 3*m + r = d. What are the prime factors of m?
113
Suppose 0 = -4*d + 3*c + 44206, 0 = 3*d + 8*c - 4*c - 33117. What are the prime factors of d?
11047
Suppose 559*u - 325*u = 17845542. What are the prime factors of u?
3, 11, 2311
Let j = 4708 + -3557. List the prime factors of j.
1151
Suppose 76401 = -12*p + 15*p - 5*x, -3*x - 76407 = -3*p. What are the prime factors of p?
2, 199
Let w = -240 - -313. Let c be (-1)/((-3)/(-180)) - 0. Let k = c + w. List the prime factors of k.
13
Suppose -4*y - 104 = 3*z, 4*z - 8*y + 142 = -10*y. List the prime factors of 8/z - (-75112)/72.
7, 149
Suppose 9*p = 8*p + 4. Let r be -3 + -1 - (-15 + p). Suppose r*s - 14*s = -672. List the prime factors of s.
2, 3
Let r(w) = w**3 - 7*w**2 - 34*w + 66. Let v be r(10). Suppose -3*k = -0*k - 129. Let s = k - v. What are the prime factors of s?
17
List the prime factors of 1296815/75 - -2 - (-18)/135.
17293
Let p = 158 + -160. Let f(o) = -35*o**3 - 6*o**2 - 7*o + 3. What are the prime factors of f(p)?
3, 7, 13
Suppose v + 2*b - 2486 - 6043 = 0, -b = -2*v + 17088. What are the prime factors of v?
3, 13, 73
Let w(n) = -n**3 - 2*n**2 + 7*n + 6. Let u be w(-7). Suppose 0*s + 3*s = 354. Let j = u - s. List the prime factors of j.
2, 3, 7
Let v(r) = -6*r**3 + 19*r**2 + 73*r + 21. List the prime factors of v(-9).
3, 1759
Suppose -2*a + 5*n + 9 = -1, 3*a = -5*n + 15. Let l = 446 - -9. Suppose 0*g - 3*g + 337 = 4*p, a*p = 3*g + l. What are the prime factors of p?
2, 11
Suppose -412 + 2843 = 11*v. Let r = 455 - v. What are the prime factors of r?
2, 3, 13
Suppose 4*d - h - 172012 = 83782, -4*h - 63926 = -d. List the prime factors of d.
2, 5, 1279
Let m(d) = 719*d - 447. List the prime factors of m(12).
3, 101
Suppose 0 = -5*b - 15, -9*b - 23320 = -3*a + 7004. List the prime factors of a.
10099
Let b(k) = -78*k - 42 + 131*k - 79*k. List the prime factors of b(-9).
2, 3
Suppose -165*u + 88542 + 24813 = 0. What are the prime factors of u?
3, 229
Let t(b) = 36*b + 159. Let l be t(34). Let u = l - 176. List the prime factors of u.
17, 71
Let q(f) = 2*f**3 + 119*f**2 - 369*f + 65. What are the prime factors of q(-60)?
5, 61
Suppose 0 = -5*k - 2*n + 25848, 166*k - 164*k - 10268 = 17*n. List the prime factors of k.
2, 17, 19
Let q(i) = 4258*i**2 - 484*i - 1446. What are the prime factors of q(-3)?
2, 3, 1597
Let f(v) = v**3 + 6*v**2 - 9*v - 12. Let p be f(-7). Let o be (5 - 7)*p + 1 + 0. List the prime factors of 135 - (-3)/(o + 0).
2, 67
Let p = 24795 + 23239. List the prime factors of p.
2, 7, 47, 73
Let n(h) = 151*h**2 - 53*h + 178. List the prime factors of n(6).
2, 331
Let v be 1550/6 - ((-30)/(-9) + -3). Let x = -118 + v. Suppose x = 4*d - k, -3*d + 7*k = 2*k - 122. List the prime factors of d.
2, 17
Suppose -7*a + 9*a + 654 = 2*r, 5*a - 321 = -r. Suppose y - 4*i - r = 0, -5*y = -8*i + 7*i - 1649. What are the prime factors of y?
2, 3, 5, 11
Let q(w) = -w**3 + 33*w**2 + 37*w + 25. List the prime factors of q(12).
7, 499
Let h(p) = -5122*p + 5910. List the prime factors of h(-7).
2, 53, 197
Let z = -46 + 55. Suppose 10*f = z*f + 23. Let r(j) = -j**3 + 22*j**2 + 24*j - 7. List the prime factors of r(f).
2
What are the prime factors of (7 + 1453)*(-15)/(-25)?
2, 3, 73
Let b(r) = 9*r + 7*r + r - 439 + 5*r. List the prime factors of b(33).
7, 41
Let o = 23838 - 20863. What are the prime factors of o?
5, 7, 17
Let b be 790 + 1 + 1 + (3 - 3). Let i = -409 + b. What are the prime factors of i?
383
Let g be (14/4 - 1)*-6. Let s(v) = 6*v + 4. Let f(x) = 5*x. Let k(o) = -5*f(o) + 2*s(o). What are the prime factors of k(g)?
7, 29
Suppose 3*g = -5*k + 6*g + 70, -g = -5*k + 80. Let z(t) = 7*t - 67. Let r be z(k). Let w = 260 - r. List the prime factors of w.
2, 13
List the prime factors of 7985 - ((-3 - 3) + (-10)/(-2)).
2, 3, 11
Let y = 19296 - 8976. What are the prime factors of y?
2, 3, 5, 43
What are the prime factors of -2*(-5536)/(-48)*-54?
2, 3, 173
Let p(g) = -45*g - 1. Let x be p(-2). Let w = 1102 + -1101. Suppose x = z - w. List the prime factors of z.
2, 3, 5
Let z = 1609 - -1253. List the prime factors of z.
2, 3, 53
Suppose 20 - 6 = 3*t + y, -3*t - 1 = -2*y. Suppose 0 = -4*d - t*u + 4228, 5285 = -d + 6*d - u. List the prime factors of d.
7, 151
Suppose 1415070 = 120*h - 846188 - 1420222. List the prime factors of h.
11, 2789
Suppose 0 = -3*h - 34 - 41. Let o be -5*5/h*71. Let i = -29 + o. List the prime factors of i.
2, 3, 7
Let r(x) = -3*x + 4. Let n be (-1)/(-4) - (7/(-4) - 0). Let k be r(n). What are the prime factors of (k + (-2 - -2))*-5?
2, 5
Suppose -7344 = -101*w + 89*w. Suppose -2*i = -0*k - k - w, -296 = -i + 3*k. What are the prime factors of i?
2, 7, 11
Let q(f) = 37*f + 22. Let n be q(5). Suppose 5*z - 47 = -2*j + 29, 4*z - n = -5*j. List the prime factors of j.
43
Let h be -16*(8/(-16) - 3). Suppose -h*a = -66*a + 8520. List the prime factors of a.
2, 3, 71
Let s(b) = -7*b**2 + 7*b - 8. Let y(o) = 190*o**2 - 190*o + 215. Let f(i) = -165*s(i) - 6*y(i). List the prime factors of f(7).
2, 3, 5, 11
Suppose -417*h + 412*h = 4465. Let g = -372 - h. What are the prime factors of g?
521
Suppose -5*w + 6*w + 5*q - 9 = 0, 12 = -4*w + 4*q. List the prime factors of 626 + 1 - -2*(2 + w).
17, 37
Let u(y) = 6*y**2 + 4*y - 22. Let h be u(6). Suppose 0*w - h = -l - 4*w, -5*w = 20. List the prime factors of l.
2, 3, 13
Let x be (-3)/(-1)*(-610)/(-6). Let n(r) = -2*r**2 - 783*r - 8523. Let a be n(-11). Let i = a + x. What are the prime factors of i?
3, 17
Let d(l) = 5*l**2 + 2*l - 27. Suppose -27 - 15 = 6*j. What are the prime factors of d(j)?
2, 3, 17
Let y be 4 - ((-4382)/6 - (-34)/(-51)). Let q = y + -440. Suppose 0 = -3*u + 5*c + q + 98, -c = u - 123. What are the prime factors of u?
2, 3, 7
Suppose 111456 - 75421 = -44*z + 416459. What are the prime factors of z?
2, 3, 11, 131
Suppose 0 = 205*d - 218*d - 18278. Let h = -427 - d. List the prime factors of h.
11, 89
Let k(x) = 61*x**3 + 68*x**2 + 11*x - 101. List the prime factors of k(7).
3, 41, 197
Suppose -55*o - 36624 = -49*o. List the prime factors of (-1)/((32/4)/o).
7, 109
What are the prime factors of 10589/((-2)/(10 + -12))?
10589
Suppose 87803 = -78*v + 97*v - 5829. What are the prime factors of v?
2, 7, 11
Suppose -2*u + 5*q = -31321, 4*u - 64*q = -60*q + 62612. What are the prime factors of u?
2, 3, 163
Let g = -12 - -12. Suppose g = -20*l + 17*l + 3. List the prime factors of l + 6/2 - -50.
2, 3
Let h be (-1)/2 + (-37700)/80*(-2)/1. Let g(k) = k + 4. Let n be g(-4). Suppose n*w + 1175 = 5*u + 2*w, -h = -4*u - 2*w. What are the prime factors of u?
233
Let j = 298 + -295. Suppose 2*v + 77 = 4*z - 1395, -1105 = -j*z + 2*v. List the prime factors of z.
367
Let u be (-7 + -1)*((-4)/8 - 0). Suppose -116 = -4*n + u*y, -16*y + 12 = -13*y. List the prime factors of n.
3, 11
Let l(w) = 1949*w + 2007*w - 3854*w - 21. List the prime factors of l(14).
3, 7, 67
Let l be 4/(-18) + (-2992)/(-18). Suppose -y = -289 - l. List the prime factors of y.
5, 7, 13
Let c be 2/(2/3) + 4. Suppose c = -r + 1. What are the prime factors of (-14 - 2)/(r/(-8) - 1)?
2
What are the prime factors of (2 - (-30)/4)/((-9251)/1542 - -6)?
3, 19, 257
Let s(z) = -33*z - 33. Let n(u) = 11*u - 26*u + 7*u - 8. Let g(b) = 21*n(b) - 5*s(b). List the prime factors of g(-14).
3, 13
Let m be 10/(-45) - 2/(-9). Suppose 0 = -5*j - m*j + 15. Suppose -j*w + 2*w + r = -44, 4*r = -5*w + 247. What are the prime factors of w?
47
Let r(w) = -w + 7. Let c(b) = b**2 - 3*b - 6. Let h be c(5). Let t be r(h). Suppose 0 = -t*x + 5*x - 102. What are the prime factors of x?
3, 17
Suppose -51 = -4*j - 5*q, -j = 2*q - 1 - 14. Let d = -2 - -8. Let x = d + j. List the prime factors of x.
3, 5
Let g = 6105 + -2495. What are the prime factors of g?
2, 5, 19
Let g(q) = -q**3 - 3*q**2 + q + 4. Let y be g(-4). Let t = y + -21. List the prime factors of -1 + 119*t*(-24)/140.
101
Let b(f) = f**3 + 19*f**2 - 6*f + 30. Let y be b(-1